124.
2
What is the greatest common factor of 1983 and 9579?
3
Calculate the greatest common factor of 1052 and 15476.
4
What is the highest common factor of 6371 and 2493?
277
What is the greatest common divisor of 5888 and 2048?
256
Calculate the highest common divisor of 344 and 1000.
8
What is the greatest common factor of 17729922 and 42?
42
What is the highest common divisor of 24 and 1274848?
8
Calculate the greatest common factor of 710664 and 8.
8
Calculate the highest common factor of 2848 and 4096.
32
What is the greatest common factor of 885137 and 77?
11
Calculate the highest common factor of 624 and 275920.
16
What is the greatest common divisor of 190789 and 303?
101
Calculate the highest common divisor of 15171 and 12837.
1167
What is the highest common factor of 837 and 899?
31
Calculate the greatest common divisor of 6976 and 981.
109
Calculate the highest common divisor of 166 and 7531586.
166
Calculate the highest common divisor of 273 and 630357.
273
Calculate the greatest common factor of 88500 and 30.
30
Calculate the greatest common divisor of 224 and 6398.
14
Calculate the greatest common factor of 323 and 142.
1
Calculate the greatest common factor of 52 and 11136.
4
Calculate the greatest common factor of 416 and 4652.
4
Calculate the highest common divisor of 5157664 and 1824.
608
Calculate the highest common divisor of 2394 and 128478.
798
What is the highest common factor of 735742 and 14?
14
Calculate the highest common divisor of 664 and 5727.
83
Calculate the greatest common divisor of 90202 and 70.
14
What is the highest common factor of 1550 and 4600?
50
What is the highest common divisor of 711698 and 62?
62
Calculate the highest common factor of 656 and 2896.
16
What is the greatest common factor of 7360 and 192464?
368
What is the greatest common factor of 840 and 49?
7
What is the greatest common factor of 9896 and 278?
2
Calculate the highest common factor of 543164 and 7028.
1004
Calculate the greatest common factor of 10403 and 721.
103
Calculate the highest common factor of 152582 and 428.
214
What is the greatest common divisor of 45 and 20?
5
Calculate the highest common divisor of 84 and 2069640.
12
Calculate the highest common factor of 13298574 and 1061.
1061
Calculate the highest common factor of 938204 and 316.
316
What is the highest common factor of 272 and 165104?
272
What is the highest common divisor of 81 and 6048?
27
What is the greatest common divisor of 42 and 3089982?
42
Calculate the highest common divisor of 4100 and 7052.
164
Calculate the highest common factor of 3825 and 21825.
225
What is the highest common divisor of 61620 and 312?
156
Calculate the highest common factor of 39693 and 19257.
393
Calculate the greatest common factor of 12 and 9798816.
12
What is the highest common factor of 13481 and 2533?
17
What is the highest common divisor of 794 and 19?
1
Calculate the highest common divisor of 65 and 39728.
13
What is the highest common factor of 252 and 33978?
42
What is the greatest common divisor of 4840 and 792?
88
Calculate the greatest common factor of 1208 and 143450.
302
What is the highest common divisor of 2515149 and 91?
91
Calculate the greatest common divisor of 975 and 795.
15
What is the highest common divisor of 1720 and 3827?
43
Calculate the highest common divisor of 937 and 403847.
937
What is the highest common factor of 25090 and 20?
10
What is the highest common factor of 7719 and 22493?
83
Calculate the highest common divisor of 45 and 101085.
15
Calculate the greatest common factor of 365 and 9325.
5
Calculate the highest common factor of 30956 and 11360.
284
Calculate the greatest common divisor of 28 and 153440.
28
What is the greatest common factor of 4611 and 1431?
159
What is the greatest common divisor of 2048 and 61888?
64
What is the greatest common divisor of 82 and 3059666?
82
What is the highest common divisor of 17285 and 540?
5
Calculate the highest common divisor of 409549 and 41.
41
What is the greatest common divisor of 294 and 750?
6
Calculate the highest common divisor of 201957 and 84.
21
Calculate the greatest common divisor of 387471 and 105.
21
What is the highest common divisor of 354 and 750?
6
Calculate the highest common factor of 12597 and 1254.
57
What is the greatest common factor of 37350 and 4565?
415
Calculate the highest common factor of 24112581 and 939.
939
What is the greatest common divisor of 386875 and 85?
5
Calculate the greatest common factor of 10194 and 6102.
6
Calculate the greatest common divisor of 50028 and 396.
132
What is the greatest common divisor of 13 and 49361?
13
Calculate the highest common divisor of 260120 and 440.
40
Calculate the highest common factor of 58 and 6142.
2
What is the greatest common divisor of 14 and 3628?
2
Calculate the greatest common factor of 12276 and 19668.
132
What is the greatest common divisor of 8763 and 27432?
381
What is the highest common divisor of 5950 and 448?
14
What is the highest common divisor of 468923 and 112?
7
What is the highest common factor of 272678 and 28?
14
Calculate the highest common divisor of 3324 and 2172.
12
What is the highest common factor of 95 and 10849?
19
What is the highest common divisor of 7510 and 170?
10
Calculate the highest common divisor of 7280 and 623.
7
Calculate the greatest common divisor of 1047 and 123197.
349
Calculate the greatest common factor of 527190 and 60.
30
What is the highest common factor of 1436306 and 4?
2
Calculate the highest common divisor of 77922 and 296.
74
What is the greatest common factor of 10 and 3122?
2
What is the greatest common factor of 12600 and 8064?
504
What is the greatest common divisor of 2185 and 6558496?
437
Calculate the greatest common factor of 486707 and 754.
377
What is the highest common divisor of 5719 and 14?
7
Calculate the greatest common divisor of 27363 and 5397.
21
Calculate the greatest common factor of 1739 and 46013.
47
What is the greatest common factor of 49582 and 6214?
26
Calculate the highest common factor of 129 and 17071.
43
Calculate the greatest common factor of 288 and 92336.
16
Calculate the greatest common divisor of 461835 and 405.
135
Calculate the greatest common factor of 7936 and 6912.
256
What is the highest common divisor of 211 and 4825781?
211
Calculate the highest common divisor of 1359 and 315.
9
What is the highest common divisor of 10 and 364810?
10
Calculate the greatest common factor of 33560 and 240.
40
What is the greatest common divisor of 78 and 346866?
78
What is the greatest common factor of 3097 and 90139?
163
Calculate the highest common divisor of 168 and 553252.
28
Calculate the highest common factor of 2775 and 11475.
75
What is the highest common factor of 156 and 1157?
13
What is the highest common factor of 50 and 132290?
10
Calculate the greatest common factor of 31828 and 9592.
436
What is the highest common divisor of 19698 and 11725?
469
Calculate the greatest common divisor of 31925 and 800.
25
Calculate the greatest common factor of 39460 and 80.
20
What is the greatest common factor of 8 and 5345840?
8
What is the greatest common divisor of 370087 and 61?
61
What is the highest common divisor of 1210 and 19780?
10
Calculate the highest common divisor of 120 and 4434456.
24
Calculate the greatest common divisor of 820 and 167731.
41
Calculate the greatest common divisor of 314 and 22922.
314
Calculate the greatest common factor of 129 and 21457.
43
Calculate the greatest common divisor of 15268 and 3718.
22
Calculate the greatest common factor of 1651639 and 53.
53
Calculate the greatest common factor of 1560719 and 17.
17
Calculate the greatest common factor of 180 and 175220.
20
What is the greatest common divisor of 2386 and 22?
2
What is the greatest common factor of 1188271 and 14?
7
Calculate the highest common divisor of 12396 and 204.
12
What is the highest common factor of 90 and 47070?
90
Calculate the highest common factor of 4505 and 25.
5
Calculate the highest common divisor of 173 and 98437.
173
Calculate the highest common divisor of 166812 and 18.
6
What is the highest common divisor of 673033 and 149?
149
What is the highest common factor of 6041 and 63?
7
Calculate the highest common divisor of 7512